 46, 3*c = c + 3*j. Is w(c) a prime number?
True
Suppose 515 = -5*u + 5*n, -u - 4*n = 48 + 40. Let d be (-1788)/(-10)*u/30. Is (d/(-12))/(1/3) a composite number?
False
Let d be -2 - (-2386 - -1 - 1). Suppose -9*j + 29 + 151 = 0. Is d/j - 1/5 a composite number?
True
Suppose 6188 = 6*d + d. Suppose -3*l = -d + 89. Is l prime?
False
Let z be (-3 - (-42)/15) + 48/15. Suppose -4*g + 3139 = z*a, -5*g - 3412 - 794 = -4*a. Is a composite?
False
Let i = 58 - 56. Suppose 0*o + 8475 = 5*x + 5*o, i*x = 5*o + 3376. Is x composite?
False
Suppose -w = 3*n - 13, w - 3*w - 5*n = -23. Let f be 5164 + (1 - w/1). Is (-2)/5 + f/65 a composite number?
False
Let s(w) be the first derivative of w**4/2 - 7*w**3/3 - w**2 + 13*w - 27. Is s(8) composite?
True
Suppose -70*v - 19767 = -610637. Is v composite?
True
Let j be 1/(-5) - (-26379)/45. Let y(i) = -2*i - 15. Let o be y(-11). Suppose 9*m = o*m + j. Is m prime?
True
Suppose 148157 = 5*v + 4*c, -4*v - 2*c - 3*c = -118531. Is v prime?
True
Let i be (-4378)/14 - (-4)/(-14). Let y = i + 1066. Suppose -f + y = 2*f. Is f composite?
False
Suppose 72 = -4*i - 3*d, -4*i - 52 = -2*d - 0*d. Let x be (-36)/i - 10/25. Is x/((-6)/(-291) + 0) a composite number?
False
Let y(d) = 12*d**2 - 5*d + 12. Is y(-13) a prime number?
False
Suppose -917 = -1449*z + 1448*z. Is z a composite number?
True
Suppose 3*n - 32135 = 141442. Is n a prime number?
True
Let h(c) = 4*c**2 + 6*c - 11. Suppose -4*g - 2*n - 52 = 0, g = 3*n + 1 - 0. Is h(g) prime?
False
Let v(g) = -344*g - 1. Let x be 13/(-26)*2*3. Is v(x) a composite number?
False
Let l(x) = -x + 5. Let v be l(-9). Suppose 3*o - 5*i = 9, 0*o = o + 4*i + v. Is (-46)/(6/(o - 1)) composite?
False
Suppose -8*x = -17*x + 29691. Is x a composite number?
False
Let q be ((-8)/(-6))/((-10)/(-3) + -3). Suppose -l - q*l = -2*c - 3985, -5*l + 3985 = -c. Is l prime?
True
Suppose -w + 325 = 3*j, 4 = 4*j - 5*j. Is w a composite number?
False
Suppose 5493 = 3*v + 6*r - 9*r, 5*v + 2*r - 9141 = 0. Is v composite?
True
Let k(l) be the third derivative of -37*l**6/30 + l**5/60 - l**3/6 + 22*l**2. Is k(-2) a composite number?
False
Suppose 107*a = 63*a + 335588. Is a a prime number?
False
Let q(d) = -4*d - 2 + 1 + 12*d**2 + d. Let a = 12 + -14. Is q(a) composite?
False
Suppose 0 = -8*s + 20*s. Suppose -8*b - 8*b + 7408 = s. Is b a prime number?
True
Suppose -2*a - 2*a = -764. Let k = a - -218. Is k prime?
True
Let m(v) = v**3 + 13*v**2 - 13*v - 21. Let a be m(-11). Let x = a - -2095. Is x prime?
True
Let m = 104 + 163. Let g = 389 - m. Is g a prime number?
False
Let g(u) = 140*u + 4 - 79*u + 110*u. Let h(n) = -114*n - 3. Let b(a) = -5*g(a) - 7*h(a). Is b(-1) prime?
False
Let s = -329 + 7002. Is s prime?
True
Let y be 10*(3 - (-11)/(-5)). Is (-5)/((-20)/y)*41 a prime number?
False
Suppose 34 = 4*h - 30. Suppose 0*t = -t - h. Is (11/(-4))/(2/t) prime?
False
Suppose 0 = -10*g - 811 + 256441. Is g composite?
True
Let n be 2/3*(-579)/2. Let b = -662 - n. Let r = b + 728. Is r a composite number?
True
Let l(r) = -4*r**2 + 1 - 17*r**2 - 4 - 6*r**2. Let j be l(3). Let u = -161 - j. Is u a composite number?
True
Let o(u) = -u**3 - 2*u**2 - 11. Let y be o(-4). Let q = 36 - y. Is q a prime number?
False
Suppose 5*i - 326 = 4689. Is i a composite number?
True
Suppose 10 = 2*u + 4*v, 30 = u + 2*u + v. Let p = u + -8. Suppose 195 + 0 = p*m. Is m a prime number?
False
Suppose 39723 = 3*a + 4*p - 63012, 6 = 2*p. Is a a composite number?
True
Let v(o) = 25*o - 13*o + 2 + 65*o. Let c(t) = -116*t - 3. Let x(m) = -5*c(m) - 8*v(m). Is x(-2) composite?
False
Suppose 4*l - 2*g = 40156, -4*l = -5*g - 10070 - 30098. Is l composite?
False
Let g(c) = -c + 35. Suppose 0 = 2*h + 2*l + 2, 0*h = -2*h - 4*l - 4. Suppose 0*m - 3*m = h. Is g(m) prime?
False
Let o = -1802 - -2979. Is o a composite number?
True
Let o = -10526 - -17047. Is o prime?
True
Suppose 0 = -37*j + 2963901 - 981848. Is j a composite number?
False
Let l(i) = 25*i**2 + 3*i - 12. Let h be l(5). Suppose 0 = 2*w + 708 + 46. Let t = w + h. Is t composite?
False
Let w(y) = 7*y + 6. Let i be 5/(5/(-2)) - -11. Is w(i) composite?
True
Let m be (-2)/12*-3*-34. Let j = -10 - m. Suppose -3*a + 28 = 2*q, j*q = 3*a + 3*q + 2. Is a a prime number?
False
Suppose 510 = 2*m - 4*b, 4*m + 0*m = -2*b + 1020. Is m/2 - ((-9)/2)/(-9) composite?
False
Let b be 0/3 + 1 + 961. Let y = b - 650. Suppose 4*p + 0*z - y = -z, 0 = -3*z - 12. Is p a prime number?
True
Let g(j) = -j - 28. Let v be g(-10). Is (1*4)/1 - (v + -1599) prime?
True
Let n = 2098 - -1375. Is n a prime number?
False
Suppose -3*d + 3*g = -9, 4*d - 4*g + 6*g - 6 = 0. Suppose -3074 = d*o + 6426. Is (-1)/3 - o/30 prime?
False
Suppose 571375 = 4*m + 105203. Is m prime?
False
Let k(p) = -11*p**2 - 5*p + 6. Let o(w) = 10*w**2 + 6*w - 7. Let l(b) = -6*k(b) - 5*o(b). Let x be l(-3). Suppose 147 = 2*j - x. Is j a prime number?
False
Suppose 10*g - 5*g - 2*z = 7375, -g + z = -1472. Is g prime?
False
Let g be -1 + 18 + -2 - 3. Let d = g + 45. Is d prime?
False
Suppose -15519 = -16*g + 8113. Suppose -r = -3*y + 2308, 4*y = -r + g + 1598. Is y a composite number?
False
Let s = -2542 - -7765. Is s a composite number?
True
Suppose 5*c = -0*c - 1375. Let r be 12/(-8) + (-29)/2. Let u = r - c. Is u a composite number?
True
Suppose -3*r - 6 = -5*z - 36, -2*z = -r + 13. Let k be z/(2/(-330)*3). Suppose 4*h = -5*p + 2*h + k, 4*p - 383 = h. Is p a composite number?
False
Suppose -5*s - 25 = 0, 2*t = 3*s - s + 10412. Is t a composite number?
True
Let t(w) = w + 1. Let v(r) = -27*r + 24. Let l(o) = 5*t(o) - v(o). Is l(23) a composite number?
True
Let c = 63 + -133. Let y = 179 - c. Is y a prime number?
False
Let p(o) = -7*o**2 + 6*o + 7. Let m(f) = -3*f**2 + 3*f + 3. Let h(v) = -5*m(v) + 2*p(v). Let y be (-8)/52 + (-264)/(-26). Is h(y) a prime number?
False
Suppose -45 = 5*x + 2*c, x + 3*x = 4*c - 36. Let q be (-54)/x - (-1 + 2). Suppose 0 = 3*f - 9, -q*i - 3*f + 299 + 425 = 0. Is i a prime number?
False
Suppose -3*u - 3943 = b - 10193, 4*b - 2*u = 25000. Is b/18 + (-36)/162 composite?
False
Let t be 0 - 3*1/(-1). Let j(z) be the first derivative of 7*z**4/2 + z**3 + z**2 + 2*z - 8. Is j(t) composite?
True
Let l = -3944 - -12013. Is l a prime number?
True
Suppose -16*a + 18*a + l - 25135 = 0, -2*a + 25123 = 5*l. Is a a prime number?
True
Is 2223/(-169) + 13 - (-108866)/26 a prime number?
False
Let g = 37718 - 23919. Is g prime?
True
Let w(n) = -n**3 - 2*n + 18. Let z be w(0). Is ((-2823)/9)/((-6)/z) a composite number?
False
Suppose 6*t - 16*t + 3810 = 0. Is t prime?
False
Let q(f) be the second derivative of f**5/10 - f**4/12 - 11*f**3/6 + 5*f**2/2 + 7*f. Let n be q(11). Suppose -n = -6*c + c. Is c prime?
False
Let z = 16 - 13. Suppose -2*x = z*x - 605. Is x a prime number?
False
Suppose -3*u = -2*j - 348707, 0 = 4*u - 8*u + 5*j + 464931. Is u a composite number?
False
Let h be (-109750)/(-26) - 42/273. Suppose 0 = -23*s + 14*s + h. Is s composite?
True
Let z = 141 - 41. Suppose 3*h - z = 1013. Is h composite?
True
Let t = 58 - 32. Let w = 12 - t. Let z = 37 - w. Is z composite?
True
Let n = -6297 - -11966. Is n a composite number?
False
Let h be 1821 + (13 + -3 - 5). Suppose 0 = -8*q + 1830 + h. Is q composite?
False
Let v = 47245 + -12842. Is v composite?
False
Suppose 12806 = 6*l - 9070. Is l composite?
True
Let x(k) = -4*k + 22. Let b be x(8). Is (2785/b)/((-3)/6) a prime number?
True
Let o(i) = 2236*i + 1. Let m(q) = 2236*q + 2. Let w(d) = -2*m(d) + 3*o(d). Let f be w(1). Suppose 5*s - f = -190. Is s prime?
True
Suppose 0*j - 3*j = 0, 3*j + 16 = -4*t. Suppose 0*w = 4*w - 4. Is 394 - 4/(t*w) a composite number?
True
Let t = 3640 - 1134. Let p = -1257 + t. Is p a prime number?
True
Suppose -3*l = -5*m + 7*m - 29960, 2*l = -2*m + 19974. Is l a prime number?
False
Let r(i) = -i**3 + 7*i**2 - 6*i - 4. Let v be r(6). Let y(h) = h + 8. Let p be y(v). Suppose f - 11 = -p*s, 3*s = -f - 2*s + 6. Is f a composite number?
False
Is (60068/(-56)*-2)/(20/140) composite?
False
Suppose x - 4*l = 183, 0*l + 2*l = -4*x + 732. Let c = 310 - x. Is c a composite number?
False
Let o(v) = -215*v + 27. Let q be o(-4). Let l = q - -84. Is l prime?
True
Suppose -22*j = -13*j - 57663. Is j a prime number?
False
Let q(t) = 124*t - 5. Is q(1) a prime number?
False
Let y(o) = -